*b, -3*t - x*b + 112 + 41 = 0. What is the tens digit of t?
4
Suppose 0 = z + 4*z - 70. Suppose 0 = -2*d + 4*k - 0*k + 20, -4*k = d + z. Suppose -b + 8 = -6*q + 3*q, -q + 37 = d*b. What is the units digit of b?
7
Suppose -354 = -2*w + j, 4*w + 2*j + 352 - 1076 = 0. What is the hundreds digit of w?
1
Let b = -2 - -5. Let d(a) = -5*a - 3. Let r be d(-1). Suppose 28 = r*g + 2*c, -2*g + 3*g - b*c = 14. What is the tens digit of g?
1
Let f(q) = -4*q. Let k be f(-1). Suppose -4*v + 0*v + 296 = 0. Suppose 4*b = 3*c + 57, -b - k*b + v = -c. What is the tens digit of b?
1
Suppose 0 = q, 3*q = -2*v + 5 + 5. Let d = -989 + 1341. Suppose v*g - 229 = k + 114, -4*k - d = -5*g. What is the tens digit of g?
6
Let p = 1071 + -233. What is the hundreds digit of p?
8
Suppose -7*t - 7760 = -15*t. Suppose 0 = 3*i - 2*u - 731, t = 4*i - 3*u + 5*u. What is the hundreds digit of i?
2
Suppose 7666 = 2*s - 4*b, -3*s = -27*b + 24*b - 11484. What is the tens digit of s?
2
Let x = 5 - 0. Let k be 3/6 - (-26)/4. Let m = x + k. What is the units digit of m?
2
Suppose -5*v + 4*r + 41 = -2*v, 5*v - 79 = 4*r. Let n = -12 + v. Suppose p - 3*d = 30, n = 2*p + 5*d - 75. What is the units digit of p?
6
Let u(y) = 308*y**2 - y + 1. What is the thousands digit of u(-2)?
1
Let v(q) be the second derivative of q**8/6720 - q**7/315 + q**5/40 - q**4/2 + 3*q. Let m(r) be the third derivative of v(r). What is the units digit of m(8)?
3
Suppose 0*u - n - 261 = -4*u, u - 79 = 3*n. Let l = -41 + u. What is the tens digit of l?
2
Let z = 37 + -36. Suppose q = z + 61. What is the tens digit of q?
6
Let o = -8 + 11. Suppose -85 = -o*q - z, 4*q + 3*z = 6*q - 53. Suppose -2*j + 4*j = q. What is the units digit of j?
4
Let w = 58 + -31. Let c = 68 - w. What is the units digit of c?
1
Let y be 18 + (0 - (-5 + 2)). Let t be y/5 - (-5)/(-25). Suppose 4*k - 5 = 3*g - 91, -t*k - 154 = -5*g. What is the units digit of g?
4
Let o(f) = 3*f**2 - 5. Let s be ((-54)/(-18))/(3/8). Let q = s - 12. What is the units digit of o(q)?
3
Suppose 0 = 5*x + 10, 0 = 5*g - 4*x + 6*x + 99. Let i = 41 + g. What is the tens digit of i?
2
Suppose 9*b = -1059 + 4092. What is the tens digit of b?
3
Let j be (9 + (-2 - -6))/1. Let w = 16 - j. Suppose -w*d + 4*b = -82, -5*d + 102 + 58 = -2*b. What is the units digit of d?
4
Let a(n) = -n**3 + n**2 + 5*n + 4. Let b be a(5). Let q = -41 - b. Suppose -14 = -2*o + q. What is the units digit of o?
2
Let m(q) = 36*q + 4. Let z be m(4). Suppose 0 = -4*v - 2*k - z, -k - 2*k - 47 = v. What is the tens digit of (-4)/10 + (-504)/v?
1
Let n(h) = -h + 4. Let g be n(0). Suppose 161 = r + 3*i - 5*i, g*i - 608 = -4*r. Suppose -3*k + 162 = 4*x - 39, 3*x - r = 2*k. What is the tens digit of x?
5
Let t(a) = -a**3 + 12*a**2 - 26*a + 10. Let c(x) = x**2 + 6*x - 8. Let o be c(-8). What is the tens digit of t(o)?
5
Let r(f) = -f**2 - 10*f - 6. Let p be r(-9). Suppose p = h - 0. Suppose 3*s + 5 = 11, -4*j - h*s = -38. What is the units digit of j?
8
What is the tens digit of 166 + 5 + (-2)/1 - -1?
7
Let b = 20 - 0. Let q = b - 12. Suppose -5*p - 12 = -q*p. What is the units digit of p?
4
Let o(k) = 4*k + 4. Let t be o(-1). What is the units digit of 4/(4 + -3 - t)?
4
Let n(o) be the third derivative of o**5/120 + 13*o**4/12 + o**3/3 + 4*o**2. Let w(j) be the first derivative of n(j). What is the tens digit of w(0)?
2
Suppose 0 = -5*q + 2*q + 15. Let f(g) = -7*g - 18. Let v be f(-3). Suppose 0 = -2*b + l + 2 + 3, -q*b + 13 = -v*l. What is the units digit of b?
2
Suppose -2*x = 2*y - 630, -2*y = 24*x - 28*x - 642. What is the tens digit of y?
1
Let d(n) = -n**2 + 3*n - 3. Let t be d(5). What is the tens digit of 1/((-1)/(t - -2))?
1
Suppose -5*w + 5*b - b = -274, -4*b - 4 = 0. What is the units digit of w?
4
Let u(x) = -x**2 - 9*x - 16. Let a be u(-8). Let c = a + -8. Let t = 65 + c. What is the units digit of t?
9
Let n = 234 - 346. What is the tens digit of n/(-11) - (-16)/(-88)?
1
Let p = 162 + -276. Let f = p + 275. What is the hundreds digit of f?
1
What is the tens digit of -3 - (-24*7 + 4)?
6
Suppose -6*j + 2183 - 641 = 0. What is the tens digit of j?
5
Let l(b) = -b**2 - 7*b - 4. Let k be l(-6). Let w be 1 + -1 + -2 + (-3 - 1). Let m = k - w. What is the units digit of m?
8
Suppose 3*j = 17*c - 16*c + 8166, -5*j + 5*c + 13620 = 0. What is the tens digit of j?
2
Suppose 2 = j - 3, j = 2*q - 463. What is the tens digit of q?
3
Let i(v) = 7*v - 30. Let s be i(5). Suppose u - s*b = -0*u + 266, b - 1 = 0. What is the hundreds digit of u?
2
Let j = 1441 + -509. What is the units digit of j?
2
Let s(d) = -d**2 + d - 1. Let m(c) be the first derivative of c**4/4 - 2*c**3/3 + c**2/2 - 3*c - 5. Let h(f) = m(f) - 5*s(f). What is the tens digit of h(2)?
1
Let h(r) = -r**3 + 7*r**2 + 2. Let x be h(7). Suppose -27 - 5 = -x*i. What is the units digit of 3*i/(-84)*-7?
4
Let i be -9 + 7 + 1 + 19. Suppose -i = -3*o - 3. Suppose -5*r - 3*s = -73 + 6, 0 = -r + o*s - 9. What is the units digit of r?
1
Suppose 2*w = -30 - 36. Let k = 54 + w. What is the units digit of k?
1
Let z(y) = y**3 - 11*y**2 + 12*y - 16. Let v be z(10). Suppose 0 = 2*i - 5*b + 2*b - 292, v*i = 4*b + 592. What is the units digit of i?
2
Suppose v - 3*v + 3*q + 13 = 0, 0 = 5*q + 5. Let r = 1 - -51. Suppose 2*w - v*a - r = 0, 0 = -w - 0*a + 3*a + 26. What is the units digit of w?
6
Let k = 33 - 27. Suppose -r = -3*r + k. Suppose -3*d + 22 = -2*d - 5*u, -r*u - 6 = 0. What is the units digit of d?
2
Let x = -31 - -20. Let z = x - -17. Let k = 11 - z. What is the units digit of k?
5
Let a(z) = -6*z**3 - 9*z**2 + 6*z + 6. Let y(k) = -k**3 - k**2 + k + 1. Let v(i) = -2*a(i) + 14*y(i). What is the hundreds digit of v(-4)?
1
Suppose h + 55 = 2*h. Suppose -4*c - 6*c + 60 = 0. Suppose 0 = -2*s - 4*j + 20, c*s = 2*s - 5*j + h. What is the tens digit of s?
2
Suppose 13 = i - 21. Suppose w - i + 0 = 0. What is the units digit of w?
4
Let f be (16 - 11)*(0 - -1). Suppose f = v - 0. Suppose v*b - 190 = -5*n, -b + 6*b + 4*n = 186. What is the tens digit of b?
3
Suppose 4*l - 11*l + 4067 = 0. Let h = -403 + l. What is the tens digit of h?
7
Suppose -4*k + 641 + 1559 = 0. What is the units digit of k?
0
Let k = -19 - -25. Suppose 0*m - k = -2*m, 0 = 2*g - m - 5. Let i = 18 - g. What is the tens digit of i?
1
What is the hundreds digit of (-36)/((-162)/(-28) - 6)?
1
Let m be ((-12)/(-9))/(2/39). Suppose 3*g - m = -86. Let b = 24 + g. What is the units digit of b?
4
Let x = 20 - 17. Let r(i) = 6*i**2 - 1. What is the units digit of r(x)?
3
Suppose 4*q - 328 = -5*s, 148 + 48 = 3*s + 2*q. Let p = 144 - s. What is the tens digit of p?
8
Let m(g) = 8*g + 5. Let s be m(-1). What is the tens digit of (57/4)/s*(-140)/7?
9
Let c(t) = -23*t**3 + t**2 - t + 1. Let b be c(1). Let v = -8 - b. Suppose 3*w = 5*x + 84, -5*x + 2*x = w - v. What is the units digit of w?
3
Suppose -5*y - 4*j - 1564 = -7671, -3*y + 3673 = -2*j. What is the units digit of y?
3
Let q = 108 - 88. Suppose q*w - 262 = 19*w. What is the units digit of w?
2
Let s(j) = -j**2 + 6*j. Let d(c) = 5*c**2 - 24*c + 1. Let w(k) = -2*d(k) - 9*s(k). Let p(a) be the first derivative of w(a). What is the units digit of p(-6)?
6
Let p = -1355 - -2059. What is the hundreds digit of p?
7
Suppose 8*v - 1673 - 1679 = 0. What is the units digit of v?
9
Let i(m) be the second derivative of -m**6/180 + 3*m**5/40 + 2*m**4/3 + 4*m. Let x(y) be the third derivative of i(y). What is the tens digit of x(-13)?
6
Let r = 1217 - 372. What is the tens digit of r?
4
Let x(y) be the second derivative of 1/20*y**5 - y**2 + 3*y + 1/6*y**3 + 0 + 1/3*y**4. What is the units digit of x(-3)?
4
Let g(z) = 2*z - 8. Let j be g(11). Let p = 14 - j. Suppose 2*y - 6 + 4 = p. What is the units digit of y?
1
Suppose -q - 2 + 3 = 0. Let m(s) = -s + 2*s + s + q + 5. What is the tens digit of m(11)?
2
What is the units digit of -2 - (-5)/3 - 20480/(-15)?
5
Let z(d) be the third derivative of d**5/60 + 3*d**4/8 - 3*d**3/2 + 4*d**2. Let x be z(-9). What is the tens digit of 2 + 14 - x/3?
1
Suppose -9*a = -21*a + 3888. What is the tens digit of a?
2
Let x(g) = -3*g**2 + 93*g - 18. What is the units digit of x(30)?
2
Let h(n) = -8*n**3 - 9*n**2 - 6*n - 17. What is the tens digit of h(-7)?
2
Let v be (1/1 - -54)/((-2)/70). What is the tens digit of v/(-14